{"id":131,"date":"2016-10-17T08:00:17","date_gmt":"2016-10-17T08:00:17","guid":{"rendered":"http:\/\/www.demo.acmethemes.com\/education-base\/?page_id=7"},"modified":"2020-08-06T20:05:38","modified_gmt":"2020-08-06T20:05:38","slug":"technology","status":"publish","type":"page","link":"https:\/\/ielp.edu.bo\/?page_id=131","title":{"rendered":"INDUSTRIA TEXTIL Y CONFECCI\u00d3N"},"content":{"rendered":"<p style=\"text-align: center;\">INSTITUTO TECNOL\u00d3GICO INDUSTRIAL BRASIL \u2013 BOLIVIA<\/p>\n<p style=\"text-align: center;\">CARRERA INDUSTRIA TEXTIL Y CONFECCI\u00d3N<\/p>\n<p><strong>PERFIL PROFESIONAL<\/strong><\/p>\n<p style=\"text-align: justify;\">El T\u00e9cnico Superior en Textiles Industriales es un profesional altamente calificado con conocimientos s\u00f3lidos, las mismas se desempe\u00f1an como:<\/p>\n<ul>\n<li>Jefe de Laboratorio de Hilander\u00eda<\/li>\n<li>T\u00e9cnico en ajustes y sincronizaciones de maquinaria textil.<\/li>\n<li>Dise\u00f1ador textil.<\/li>\n<li>Experto en Tejidos.<\/li>\n<li>Supervisor de Acabado textil.<\/li>\n<li>Auditor en Confecciones.<\/li>\n<li>Jefe de Control de Calidad textil.<\/li>\n<li>Realiza el mantenimiento preventivo y correctivo de la maquinaria textil.<\/li>\n<li>Administrador de talleres artesanales.<\/li>\n<li>Dise\u00f1ador de modas.<\/li>\n<li>Jefe de laboratorio de tintura.<\/li>\n<\/ul>\n<p><strong>MERCADO LABORAL<\/strong><\/p>\n<p style=\"text-align: justify;\">Formar profesionales de alta competitividad para su desenvolvimiento en las empresas textileras de nuestro pa\u00eds y la gran demanda de T\u00e9cnicos Superiores orientadas hacia una competencia laboral, como ser:<\/p>\n<ul>\n<li>Industria de Tejidos.<\/li>\n<li>Industria de hilados.<\/li>\n<li>Industria de confecciones<\/li>\n<li>Industria de lavander\u00eda<\/li>\n<li>Artesan\u00edas<\/li>\n<li>Curtiembre y Tintorer\u00edas<\/li>\n<li>Talleres Artesanales<\/li>\n<li>Microempresas<\/li>\n<\/ul>\n<p><strong>TALLER DE ENSE\u00d1ANZA<\/strong><\/p>\n<p><img loading=\"lazy\" decoding=\"async\" class=\" wp-image-348 aligncenter\" src=\"https:\/\/ielp.edu.bo\/wp-content\/uploads\/2020\/07\/ITC_2-283x300.png\" alt=\"\" width=\"523\" height=\"554\"><\/p>\n<p><img loading=\"lazy\" decoding=\"async\" class=\" wp-image-349 aligncenter\" src=\"https:\/\/ielp.edu.bo\/wp-content\/uploads\/2020\/07\/ITC_3-257x300.png\" alt=\"\" width=\"523\" height=\"611\"><\/p>\n<p><img loading=\"lazy\" decoding=\"async\" class=\" wp-image-351 aligncenter\" src=\"http:\/\/coaaejito.com\/wp-content\/uploads\/2020\/07\/ITC_4-300x300.png\" alt=\"\" width=\"524\" height=\"524\" srcset=\"https:\/\/ielp.edu.bo\/wp-content\/uploads\/2020\/07\/ITC_4-300x300.png 300w, https:\/\/ielp.edu.bo\/wp-content\/uploads\/2020\/07\/ITC_4-150x150.png 150w\" sizes=\"auto, (max-width: 524px) 100vw, 524px\" \/><\/p>\n","protected":false},"excerpt":{"rendered":"<p>Carrera de Industria Textil y Confecci\u00f3n a nivel T\u00e9cnico Superior con T\u00edtulo en Provisi\u00f3n Nacional.<\/p>\n","protected":false},"author":1,"featured_media":377,"parent":0,"menu_order":0,"comment_status":"closed","ping_status":"closed","template":"","meta":{"footnotes":""},"class_list":["post-131","page","type-page","status-publish","has-post-thumbnail","hentry"],"_links":{"self":[{"href":"https:\/\/ielp.edu.bo\/index.php?rest_route=\/wp\/v2\/pages\/131","targetHints":{"allow":["GET"]}}],"collection":[{"href":"https:\/\/ielp.edu.bo\/index.php?rest_route=\/wp\/v2\/pages"}],"about":[{"href":"https:\/\/ielp.edu.bo\/index.php?rest_route=\/wp\/v2\/types\/page"}],"author":[{"embeddable":true,"href":"https:\/\/ielp.edu.bo\/index.php?rest_route=\/wp\/v2\/users\/1"}],"replies":[{"embeddable":true,"href":"https:\/\/ielp.edu.bo\/index.php?rest_route=%2Fwp%2Fv2%2Fcomments&post=131"}],"version-history":[{"count":12,"href":"https:\/\/ielp.edu.bo\/index.php?rest_route=\/wp\/v2\/pages\/131\/revisions"}],"predecessor-version":[{"id":495,"href":"https:\/\/ielp.edu.bo\/index.php?rest_route=\/wp\/v2\/pages\/131\/revisions\/495"}],"wp:featuredmedia":[{"embeddable":true,"href":"https:\/\/ielp.edu.bo\/index.php?rest_route=\/wp\/v2\/media\/377"}],"wp:attachment":[{"href":"https:\/\/ielp.edu.bo\/index.php?rest_route=%2Fwp%2Fv2%2Fmedia&parent=131"}],"curies":[{"name":"wp","href":"https:\/\/api.w.org\/{rel}","templated":true}]}}